e v(p).
-6
Let g = -6 - -8. Let f(x) = 2*x - 2 - g - 3 + 2. Calculate f(4).
3
Let f be 4 + 1 + (-6 - -5). Suppose a + 23 = 3*a + 3*q, -5*q = -f*a + 13. Let c(m) = m**3 - 6*m**2 - 7*m. Let h be c(a). Let u(j) = -j - 10. Give u(h).
-10
Suppose -7 - 24 = -g. Let r = -17 + g. Let o be r/(-8) - 4/16. Let a(k) = -k**2 - 2. Calculate a(o).
-6
Let d(x) = -1. Let u(o) = -o. Let z(c) = d(c) + u(c). What is z(6)?
-7
Let l(v) be the second derivative of -v**4/6 + v**3/2 - v. Let a be (-8)/6*(-12)/8. Calculate l(a).
-2
Let o(q) = -10*q - 2. Let d be o(-1). Let z(k) = 2*k - 11. Let r be z(d). Let n(f) = f - 7. What is n(r)?
-2
Let q(p) = 2*p**2 + 1 - 7*p**2 + 86*p**3 - 2*p - 87*p**3 - 2. Calculate q(-2).
-9
Suppose x = 2*v - 4, 9 + 7 = -3*v - 4*x. Let j be -1*(0 + -1) - -2. Let n(q) = 3*q - 4 + q - j*q. Give n(v).
-4
Let f(b) = 2*b - 6. Suppose 4*v - 5*v + 2*g = -10, -5*v + 26 = -2*g. Give f(v).
2
Let d(o) = o - 3. Let j(h) = -2*h + 6. Let z(y) = -9*d(y) - 4*j(y). Calculate z(5).
-2
Let q(z) = z**2 + 4*z. Suppose 5*y + 25 = -p + 2*p, -4*p + 20 = 0. What is q(y)?
0
Let u(g) = g + 4. Let z be -1 - (1 + 0) - 14/2. Calculate u(z).
-5
Let b be (-1)/(1/(-2)) + -6. Let u be 62/22 + b/(-22). Suppose -m + 3*d + 4 = d, -7 = -m + u*d. Let z(k) = 5*k + 1. What is z(m)?
-9
Let v = -1 - -2. Let x(b) = -7*b**2 + 3*b. Let j(u) = 7*u**2 - 2*u. Let w(h) = -4*j(h) - 3*x(h). Calculate w(v).
-8
Let t(s) = s. Let h(u) = -4*u - 1. Let b(x) = h(x) + 5*t(x). What is b(-5)?
-6
Let a(c) = 2*c**2 - 2*c - 1. Suppose -5*i + 4*d - 4 = -3, 0 = -3*i + 2*d + 1. Suppose -3 + 7 = 5*q - i*h, q + 2*h = -7. Calculate a(q).
3
Let b(l) = -l + 6. Let n be b(5). Let d(y) = -8*y**3 + 1. Give d(n).
-7
Let y(l) = l + 2. Let v be y(-6). Let f(o) be the first derivative of -o**4/12 - o**2 - 1. Let z(k) be the second derivative of f(k). What is z(v)?
8
Suppose 5*q + 5 = -v, -3*q - 15 = -5*v + 16. Let b(a) = a**3 - 4*a**2 - 5*a + 2. Determine b(v).
2
Let j = 44 + -62. Let y be (-1)/(2*3/j). Suppose -3 = -y*f - 9. Let p(k) = 2*k**3 + 3*k**2 + k + 2. What is p(f)?
-4
Let u(m) be the second derivative of m**4/6 - 5*m**3/6 + m**2 - 28*m. Give u(4).
14
Let j(l) = l**2 - 14*l + 45. Let n be j(9). Let g(t) = -t**3 - t + 5. Calculate g(n).
5
Let g(j) = -5*j**2 + 12*j + 1. Let b(t) = 3*t**2 - 6*t. Let o(w) = 7*b(w) + 4*g(w). Let f = 6 + -10. What is o(f)?
-4
Suppose 0*b + p = 3*b - 17, 0 = -3*b + 5*p + 37. Let o(a) = a**2 - 4*a - 2. Calculate o(b).
-2
Let s(t) = -1 + t + t + 7 + t. Let n = -31 + 44. Let m = 8 - n. Calculate s(m).
-9
Let c(r) = 4*r - 6. Suppose -4*p = -3*u - 18, 2*u + 16 = -p + 5*p. Let y be u/3 - (-14)/3. Give c(y).
10
Let z(s) = s - 2. Let u = 3 + -2. Let v be z(u). Let o(m) = -1. Let q(i) = i. Let n(l) = v*o(l) - q(l). Give n(3).
-2
Suppose 0 = 5*h - 3*d - 21, -9 = -h - 0*h - d. Let o be -7*h/(-63)*3. Suppose -o*j = j. Let p(g) = g + 1. Give p(j).
1
Let r(w) be the first derivative of -3*w - 3 - 2/3*w**3 + 1/4*w**4 - 1/2*w**2. Calculate r(3).
3
Suppose -2*r = r - 3. Let y(m) be the first derivative of 5*m**4/4 + m**3/3 - m**2 + m - 1. Let z be y(r). Let t(j) = -j**2 + 7*j - 5. Calculate t(z).
5
Let v(n) = 5 - 26*n**2 + 2*n**3 + 23*n**2 + 0*n**3 + 3*n - 3*n**3. Determine v(-4).
9
Let q(f) be the second derivative of -f**5/20 + 7*f**2 + 16*f. Calculate q(0).
14
Let c(v) = -26*v + v**2 + 53*v - 4 - 22*v. Let a = 5 - 8. Calculate c(a).
-10
Let t(p) = -5*p**2 - p**3 + 37 + 4*p - 43 - 8*p. Give t(-4).
-6
Let u(b) be the second derivative of b**5/5 + b**4/12 - b**3/3 + b**2/2 + 2*b. What is u(1)?
4
Let v(h) = -5*h - 1. Let q = 20 + -20. Let r be 4/(-10) - (-9)/(-15). Let u = r - q. Give v(u).
4
Let g(j) be the second derivative of -j**5/20 + j**4/4 - j**3/6 - 28*j. Calculate g(4).
-20
Let c(q) = 3*q**3 + 2*q**2 - 2. Let z(l) = -l**2 + 8*l - 2. Let r be z(8). Give c(r).
-18
Let m(k) = k**3 - 8*k**2 + 2*k - 13. Let a be m(8). Let o(b) = -b**3 + 4*b**2 - 4*b - 1. What is o(a)?
-4
Let p(w) = w**3 - 5*w**2 + 5*w - 4. Let c be -21 - (1 + -1 + 1). Let g = c - -13. Let k be ((-3)/g)/(2/24). Determine p(k).
0
Let f(m) = -m**3 + 3*m**2 + 2*m. Suppose -3*z + 7 + 5 = 0. Suppose -z*u + 20 = 0, 3*x - 17 = -x - u. Let c = x + -1. Determine f(c).
8
Suppose -15 = -4*z - 2*q + 3, 0 = -4*z - 3*q + 23. Suppose z = 2*r - 4, r = 3*i - 18. Let j(x) = x**2 - 9*x + 7. Calculate j(i).
-7
Let h(x) be the third derivative of -x**8/3360 - x**7/840 + x**6/720 + x**5/60 + 7*x**4/24 - 4*x**2. Let q(d) be the second derivative of h(d). Calculate q(-2).
4
Let a(t) = -t + 28 - 72 + 22. Calculate a(0).
-22
Let y be (-4)/6*(-5 - 20/8). Let b(c) = 3*c - 6. Determine b(y).
9
Let t(i) be the first derivative of i**3/3 + 4*i**2 - 2. Give t(-7).
-7
Let l(h) be the second derivative of -h**4/6 - h**3/3 + 3*h**2/2 + 14*h. What is l(2)?
-9
Let p(k) = 6*k - 2*k - 2*k - 4 + 3. Give p(-1).
-3
Let y = -3 - -9. Let u be (-96)/(-18) - 4/(-6). Let o(d) = -11 + u - d**2 + y*d + d. Calculate o(4).
7
Let k(q) = q - 4. Let d be k(0). Let x(n) = n**2 + 5*n + 4. Let h be x(d). Let v(o) be the second derivative of -o**3/6 - 3*o**2/2 + 4*o. Calculate v(h).
-3
Let h(b) = b + 2. Let a(s) = -s. Let w be (-18)/(-8) + 5/(-20). Let i be a(w). Let q = i - 1. Calculate h(q).
-1
Let r(a) = a - 3 - 6*a + 0*a + 4*a. Suppose x - 5*x = -2*u, 4*x + 24 = -2*u. What is r(u)?
3
Let s(y) = -4*y - 5. Let n be (-22 - -19) + ((-2)/2)/1. Give s(n).
11
Let t(m) be the second derivative of m**3/2 - m**2 - m - 10. Determine t(2).
4
Let b(u) = u**3 - 2*u**2 - 8*u + 3. Let f(q) = q**3 - q**2 - 7*q + 2. Let x(l) = -3*b(l) + 4*f(l). What is x(-3)?
2
Let d(m) = -m**3 - 6*m**2 + 8*m + 4. Let o(c) = -2*c - 7. Let b be o(0). What is d(b)?
-3
Let g(i) = 3*i**2 + 0*i**2 - 4 - 2*i**2 - 2*i. Let s be (-5)/10 - (-6)/4. Let q = 4 + s. Determine g(q).
11
Suppose 55 = 3*t - 2*i - 25, 0 = 5*i - 10. Suppose -2*k - 4*n = -t, k - 3*k - 2 = -2*n. Let a(b) = b**2 - 3*b + 3. Give a(k).
7
Let h(w) = -w**3 - 3*w**2 + 5*w + 5. Let z(i) = i**3 + i**2 + 2*i + 1. Let a be z(-1). Let t be a/(-2) + (-2)/(-4). Let u = -5 + t. Determine h(u).
1
Let s(t) = -t - 1. Let u(x) = 2*x**2 + 4*x + 2. Let h be u(-4). Suppose 3*a + 5*d = -h, -12 = -3*a + 4*d + d. Give s(a).
0
Suppose -3*w + 7*w = 4. Let f(p) = -p + 1. Let g be f(w). Suppose g*t = 2*t. Let q(i) = -i**2 + i - 4. Determine q(t).
-4
Suppose -2*t = -3*x - 15 - 0, -t - 20 = 4*x. Let o(y) = -y - 8. Let n(r) = -r - 9. Let g(m) = 4*n(m) - 5*o(m). Give g(x).
-1
Let y be (-2)/(-9) - (-11)/(-9). Let f(m) be the third derivative of -2*m**2 - 1/6*m**3 - 1/30*m**5 + 0 - 1/12*m**4 + 0*m. Give f(y).
-1
Suppose -4*f - 5*k - 25 = 0, -f + 25 = -6*k + k. Let u(v) = 3 - 6 + f + 0 - 2*v. Determine u(-3).
3
Let a(d) = -23 - 2*d - 32 + 57. What is a(6)?
-10
Let b(r) = -r**3 + r + 7. Let f(d) = -14*d + 9. Let o(h) = 5*h - 3. Let p(i) = 4*f(i) + 11*o(i). Let y be p(3). Determine b(y).
7
Let v(s) = 2 - 12*s - 7*s**2 + 7 - s. Let c(d) = 4*d**2 + 7*d - 5. Let f(w) = -11*c(w) - 6*v(w). Let i = 193 + -191. Calculate f(i).
-5
Let m(f) = f - 5. Let l = -14 + 23. Let c(s) = s + 1. Let d(n) = n**2 - 10*n - 11. Let h(t) = 2*c(t) + d(t). Let z be h(l). Calculate m(z).
-5
Let r(x) be the first derivative of x**3/3 + x**2/2 - 6*x + 15. Calculate r(0).
-6
Let p(d) = -3*d**2 - 3*d**2 + 2*d - 4*d + 3 + 4*d**2. Give p(-3).
-9
Let k = 0 + -3. Let r(b) = -b**3 - 5*b**2 - 5*b + 1. Let y(i) = 1. Let s(v) = -r(v) + 4*y(v). Give s(k).
6
Let n(b) = 5*b**2 - 29*b - 19. Let l(z) = z**2 - 7*z - 5. Let g(w) = 9*l(w) - 2*n(w). Give g(-6).
-13
Let b(a) be the third derivative of -a**5/60 + a**4/4 - 7*a**3/6 + 62*a**2. Calculate b(5).
-2
Let k(u) = 2*u. Let d(g) = -2*g + 1. Let r(y) = -5*d(y) - 6*k(y). Let a(l) = -2*l - 5. Let m(j) = 4*a(j) - 5*r(j). Calculate m(-4).
-3
Let i(d) = -3*d**2 - 2*d - 1. Suppose 5*n = -4*m - 4 - 17, 3 = n - m. Calculate i(n).
-2
Let c(r) = -16*r**3 + 24*r**2 - 14*r + 15. Let y(m) = 3*m**3 - 5*m**2 + 3*m - 3. Let u = -24 - -13. Let j(w) = u*y(w) - 2*c(w). Give j(6).
9
Let p be 10*(6 - 2)/8. Suppose -8 = -p*x + 17. Let r(t) = t**3 - 5*t**2 - 4. What is r(x)?
-4
Suppose -3 = -2*w + 3. Let l(s) = 5*s - s**3 + 4*s**3 - 2*s**w + 2 + 6*s**2. Let v = -4 + -1. Give l(v).
2
Let z(l) = -l**3 - 3*l**2 + 3*l + 3. Let x be (-1)/(-1*3/(-24)). Let g be x*(9/6 + -2). Suppose -n + 9 = -g*n. What is z(n)?